t of 11757038?
8
What is the thousands digit of 5276902111?
2
What is the ten millions digit of 120702677?
2
What is the hundred thousands digit of 146501955?
5
What is the millions digit of 40974407?
0
What is the millions digit of 774730328?
4
What is the hundred thousands digit of 578378094?
3
What is the units digit of 30989445?
5
What is the hundreds digit of 208323393?
3
What is the ten millions digit of 7479830723?
7
What is the millions digit of 90539260?
0
What is the hundred thousands digit of 1967521663?
5
What is the billions digit of 1951502817?
1
What is the tens digit of 157712245?
4
What is the hundreds digit of 49376778?
7
What is the ten thousands digit of 515707948?
0
What is the hundred thousands digit of 60270530?
2
What is the ten thousands digit of 133649872?
4
What is the units digit of 1979363633?
3
What is the ten millions digit of 45417674?
4
What is the thousands digit of 330286589?
6
What is the ten thousands digit of 3327086471?
8
What is the units digit of 51183974?
4
What is the units digit of 1181906294?
4
What is the units digit of 50299419?
9
What is the millions digit of 424397279?
4
What is the hundred millions digit of 340145917?
3
What is the hundreds digit of 61700084?
0
What is the hundred thousands digit of 104885577?
8
What is the tens digit of 193200496?
9
What is the thousands digit of 249578452?
8
What is the ten millions digit of 1541741236?
4
What is the ten millions digit of 611843551?
1
What is the ten millions digit of 189288786?
8
What is the hundreds digit of 4473799398?
3
What is the units digit of 1441966563?
3
What is the thousands digit of 1001306047?
6
What is the ten millions digit of 74148456?
7
What is the ten thousands digit of 5573948?
7
What is the units digit of 1543282128?
8
What is the hundreds digit of 83253850?
8
What is the ten millions digit of 604771619?
0
What is the tens digit of 107417931?
3
What is the hundred thousands digit of 1528094587?
0
What is the ten thousands digit of 73245339?
4
What is the thousands digit of 1630755684?
5
What is the hundreds digit of 31239360?
3
What is the ten millions digit of 586351573?
8
What is the hundred thousands digit of 17107289?
1
What is the ten thousands digit of 16896502?
9
What is the hundred thousands digit of 25599905?
5
What is the tens digit of 37437957?
5
What is the ten millions digit of 76223889?
7
What is the units digit of 545402075?
5
What is the hundred millions digit of 485142867?
4
What is the billions digit of 5713802677?
5
What is the millions digit of 36223661?
6
What is the thousands digit of 62565713?
5
What is the millions digit of 45472995?
5
What is the units digit of 31727668?
8
What is the hundred thousands digit of 821357373?
3
What is the units digit of 3068201582?
2
What is the hundred thousands digit of 35637675?
6
What is the ten millions digit of 1099653961?
9
What is the thousands digit of 50638357?
8
What is the hundreds digit of 38496132?
1
What is the hundreds digit of 1292668847?
8
What is the units digit of 772493481?
1
What is the hundred thousands digit of 569777829?
7
What is the billions digit of 2268908256?
2
What is the millions digit of 437318422?
7
What is the hundred thousands digit of 7853829921?
8
What is the ten millions digit of 1294195218?
9
What is the units digit of 1021566432?
2
What is the thousands digit of 72008493?
8
What is the hundred millions digit of 1671191420?
6
What is the ten millions digit of 2768800417?
6
What is the hundred thousands digit of 190894292?
8
What is the tens digit of 97761218?
1
What is the ten millions digit of 48980334?
4
What is the thousands digit of 5149430304?
0
What is the tens digit of 4291376902?
0
What is the units digit of 65558107?
7
What is the ten millions digit of 24896640?
2
What is the ten thousands digit of 20121692?
2
What is the millions digit of 219662025?
9
What is the hundred thousands digit of 78389058?
3
What is the units digit of 58994619?
9
What is the ten millions digit of 1265991751?
6
What is the hundreds digit of 646235067?
0
What is the millions digit of 20555922?
0
What is the hundreds digit of 295776056?
0
What is the thousands digit of 335396651?
6
What is the hundreds digit of 68149883?
8
What is the ten millions digit of 64567235?
6
What is the tens digit of 40267786?
8
What is the tens digit of 6540080657?
5
What is the ten thousands digit of 394721622?
2
What is the ten millions digit of 12478195?
1
What is the millions digit of 4301136841?
1
What is the ten millions digit of 4019893348?
1
What is the ten millions digit of 636359173?
3
What is the hundred millions digit of 844125287?
8
What is the hundred millions digit of 711859722?
7
What is the millions digit of 1011035858?
1
What is the thousands digit of 4079524749?
4
What is the hundred thousands digit of 166034451?
0
What is the tens digit of 31498554?
5
What is the ten thousands digit of 118271967?
7
What is the thousands digit of 4971965846?
5
What is the hundreds digit of 90985595?
5
What is the thousands digit of 27313006?
3
What is the ten millions digit of 2159590715?
5
What is the ten thousands digit of 810405869?
0
What is the thousands digit of 8433326411?
6
What is the tens digit of 66494896?
9
What is the units digit of 224088201?
1
What is the millions digit of 59700891?
9
What is the hundreds digit of 673300250?
2
What is the millions digit of 45566809?
5
What is the ten thousands digit of 144069786?
6
What is the ten millions digit of 378481965?
7
What is the hundred thousands digit of 153501162?
5
What is the millions digit of 47070522?
7
What is the thousands digit of 121701317?
1
What is the ten thousands digit of 388285132?
8
What is the tens digit of 148840864?
6
What is the hundred millions digit of 336005359?
3
What is the hundred thousands digit of 1944858228?
8
What is the hundred thousands digit of 261079480?
0
What is the tens digit of 47288486?
8
What is the ten millions digit of 131753294?
3
What is the hundred thousands digit of 1598282629?
2
What is the hundred thousands digit of 1855194947?
1
What is the ten millions digit of 409345989?
0
What is the millions digit of 468976382?
8
What is the ten thousands digit of 97237830?
3
What is the units digit of 27144348?
8
What is the thousands digit of 78521681?
1
What is the ten thousands digit of 1180646680?
4
What is the tens digit of 83744530?
3
What is the ten millions digit of 399536138?
9
What is the tens digit of 1776748181?
8
What is the ten thousands digit of 441148811?
4
What is the hundreds digit of 490422463?
4
What is the ten millions digit of 739105628?
3
What is the hundred thousands digit of 246273948?
2
What is the ten thousands digit of 346061461?
6
What is the tens digit of 3073752707?
0
What is the hundred thousands digit of 1482064508?
0
What is the millions digit of 8545518?
8
What is the ten thousands digit of 35149954?
4
What is the ten thousands digit of 621802839?
0
What is the hundreds digit of 1230227436?
4
What is the thousands digit of 9016030?
6
What is the ten thousands digit of 1391838351?
3
What is the ten thousands digit of 1738283101?
8
What is the thousands digit of 10023803?
3
What is the thousands digit of 1232580163?
0
What is the millions digit of 1159232728?
9
What is the thousands digit of 8474460336?
0
What is the ten thousands digit of 151648015?
4
What is the ten thousands digit of 2675610911?
1
What is the ten millions digit of 112663132?
1
What is the tens digit of 30416188?
8
What is the millions digit of 370282616?
0
What is the ten millions digit of 309986849?
0
What is the tens digit of 25429515?
1
What is the units digit of 20944617?
7
What is the units digit of 541877801?
1
What is the hundred thousands digit of 110988167?
9
What is the ten millions digit of 259710515?
5
What is the thousands digit of 983046942?
6
What is the units digit of 146543345?
5
What is the units digit of 1879216665?
5
What is the ten thousands digit of 16349055?
4
What is the thousands digit of 866480529?
0
What is the hundreds digit of 115814524?
5
What is the hundred thousands digit of 15075816?
0
What is the hundred thousands digit of 53677210?
6
What is the thousands digit of 515388892?
8
What is the ten millions digit of 57818977?
5
What i